{"id":154,"date":"2023-06-12T19:04:08","date_gmt":"2023-06-12T17:04:08","guid":{"rendered":"https:\/\/recyclerie-nouvelle-r.fr\/?page_id=154"},"modified":"2023-06-12T19:14:22","modified_gmt":"2023-06-12T17:14:22","slug":"154-2","status":"publish","type":"page","link":"https:\/\/recyclerie-nouvelle-r.fr\/index.php\/infos-pratiques\/154-2\/","title":{"rendered":"Savoir o\u00f9 jeter"},"content":{"rendered":"<header>\n<h1 class=\"title\">Mat\u00e9riaux \/ Objets<\/h1>\n<\/header>\n<div class=\"content clearfix\">\n<div id=\"cck16\" class=\"cck-f100 cck-pad-8\">\n<div>\n<div class=\"cck-line-body\">\n<div class=\"cck-plr cck-ptb\">\n<div id=\"cck16_mainbody\" class=\"cck-pos-mainbody seb_css3 vertical cck16-deepest\">\n<div id=\"cck16_art_introtext\" class=\"cck_contents cck_content cck_textarea cck_art_introtext\">\n<div id=\"cck16_value_art_introtext\" class=\"cck_value cck_value_textarea\">Les ic\u00f4nes vous aident \u00e0 trouver les lieux de r\u00e9emploi<\/div>\n<\/div>\n<div id=\"cck16_art_fulltext\" class=\"cck_contents cck_content cck_wysiwyg_editor cck_art_fulltext\">\n<div id=\"cck16_value_art_fulltext\" class=\"cck_value cck_value_wysiwyg_editor\">\n<div class=\"rl_tabs nn_tabs outline_handles outline_content top align_left has_effects\">\n<p>&nbsp;<\/p>\n<ul id=\"set-rl_tabs-2\" class=\"nav nav-tabs\" role=\"tablist\">\n<li class=\"rl_tabs-tab nn_tabs-tab nav-item active\" role=\"presentation\"><a id=\"tab-tab-6\" class=\"rl_tabs-toggle nn_tabs-toggle nav-link\" role=\"tab\" href=\"materiaux-objets.html#tab-6\" data-toggle=\"tab\" data-id=\"tab-6\" aria-controls=\"tab-6\" aria-selected=\"true\"><span class=\"rl_tabs-toggle-inner nn_tabs-toggle-inner\"><img decoding=\"async\" src=\"http:\/\/recyclerie-nouvelle-r.fr\/images\/plans\/outils.png\" alt=\"\" \/><\/span><\/a><\/li>\n<li class=\"rl_tabs-tab nn_tabs-tab nav-item\" role=\"presentation\"><a id=\"tab-tab-7\" class=\"rl_tabs-toggle nn_tabs-toggle nav-link\" role=\"tab\" href=\"materiaux-objets.html#tab-7\" data-toggle=\"tab\" data-id=\"tab-7\" aria-controls=\"tab-7\" aria-selected=\"false\"><span class=\"rl_tabs-toggle-inner nn_tabs-toggle-inner\"><img decoding=\"async\" src=\"http:\/\/recyclerie-nouvelle-r.fr\/images\/plans\/meubles.png\" alt=\"\" \/><\/span><\/a><\/li>\n<li class=\"rl_tabs-tab nn_tabs-tab nav-item\" role=\"presentation\"><a id=\"tab-tab-8\" class=\"rl_tabs-toggle nn_tabs-toggle nav-link\" role=\"tab\" href=\"materiaux-objets.html#tab-8\" data-toggle=\"tab\" data-id=\"tab-8\" aria-controls=\"tab-8\" aria-selected=\"false\"><span class=\"rl_tabs-toggle-inner nn_tabs-toggle-inner\"><img decoding=\"async\" src=\"http:\/\/recyclerie-nouvelle-r.fr\/images\/plans\/vetements.png\" alt=\"\" \/><\/span><\/a><\/li>\n<li class=\"rl_tabs-tab nn_tabs-tab nav-item\" role=\"presentation\"><a id=\"tab-tab-9\" class=\"rl_tabs-toggle nn_tabs-toggle nav-link\" role=\"tab\" href=\"materiaux-objets.html#tab-9\" data-toggle=\"tab\" data-id=\"tab-9\" aria-controls=\"tab-9\" aria-selected=\"false\"><span class=\"rl_tabs-toggle-inner nn_tabs-toggle-inner\"><img decoding=\"async\" src=\"http:\/\/recyclerie-nouvelle-r.fr\/images\/plans\/encombrants.png\" alt=\"\" \/><\/span><\/a><\/li>\n<li class=\"rl_tabs-tab nn_tabs-tab nav-item\" role=\"presentation\"><a id=\"tab-tab-10\" class=\"rl_tabs-toggle nn_tabs-toggle nav-link\" role=\"tab\" href=\"materiaux-objets.html#tab-10\" data-toggle=\"tab\" data-id=\"tab-10\" aria-controls=\"tab-10\" aria-selected=\"false\"><span class=\"rl_tabs-toggle-inner nn_tabs-toggle-inner\"><img decoding=\"async\" src=\"http:\/\/recyclerie-nouvelle-r.fr\/images\/plans\/informatique.png\" alt=\"\" \/><\/span><\/a><\/li>\n<\/ul>\n<div class=\"tab-content\">\n<div id=\"tab-6\" class=\"tab-pane rl_tabs-pane nn_tabs-pane active\" role=\"tabpanel\" aria-labelledby=\"tab-tab-6\" aria-hidden=\"false\">\n<div class=\"mat mattext\">Mat\u00e9riaux et objets de construction,<br \/>\nbricolage et d\u00e9coration,<br \/>\njardinage&#8230;<\/p>\n<h3>C&rsquo;est o\u00f9 ?<\/h3>\n<p><img decoding=\"async\" src=\"http:\/\/recyclerie-nouvelle-r.fr\/images\/plans\/jedeposejetrouve.png\" alt=\"jedeposejetrouve\" \/>La Mat\u00e9riauth\u00e8que<br \/>\n<img decoding=\"async\" src=\"http:\/\/recyclerie-nouvelle-r.fr\/images\/plans\/jedepose.png\" alt=\"jedepose\" \/>\u00a0La d\u00e9chetterie<\/p>\n<\/div>\n<\/div>\n<\/div>\n<\/div>\n<\/div>\n<\/div>\n<\/div>\n<\/div>\n<\/div>\n<\/div>\n<\/div>\n<\/div>\n","protected":false},"excerpt":{"rendered":"<p>Mat\u00e9riaux \/ Objets Les ic\u00f4nes vous aident \u00e0 trouver les lieux de r\u00e9emploi &nbsp; Mat\u00e9riaux et objets de construction, bricolage et d\u00e9coration, jardinage&#8230; C&rsquo;est o\u00f9 ? La Mat\u00e9riauth\u00e8que \u00a0La d\u00e9chetterie<\/p>\n","protected":false},"author":1,"featured_media":0,"parent":151,"menu_order":0,"comment_status":"closed","ping_status":"closed","template":"","meta":{"footnotes":""},"class_list":["post-154","page","type-page","status-publish","hentry"],"_links":{"self":[{"href":"https:\/\/recyclerie-nouvelle-r.fr\/index.php\/wp-json\/wp\/v2\/pages\/154","targetHints":{"allow":["GET"]}}],"collection":[{"href":"https:\/\/recyclerie-nouvelle-r.fr\/index.php\/wp-json\/wp\/v2\/pages"}],"about":[{"href":"https:\/\/recyclerie-nouvelle-r.fr\/index.php\/wp-json\/wp\/v2\/types\/page"}],"author":[{"embeddable":true,"href":"https:\/\/recyclerie-nouvelle-r.fr\/index.php\/wp-json\/wp\/v2\/users\/1"}],"replies":[{"embeddable":true,"href":"https:\/\/recyclerie-nouvelle-r.fr\/index.php\/wp-json\/wp\/v2\/comments?post=154"}],"version-history":[{"count":2,"href":"https:\/\/recyclerie-nouvelle-r.fr\/index.php\/wp-json\/wp\/v2\/pages\/154\/revisions"}],"predecessor-version":[{"id":162,"href":"https:\/\/recyclerie-nouvelle-r.fr\/index.php\/wp-json\/wp\/v2\/pages\/154\/revisions\/162"}],"up":[{"embeddable":true,"href":"https:\/\/recyclerie-nouvelle-r.fr\/index.php\/wp-json\/wp\/v2\/pages\/151"}],"wp:attachment":[{"href":"https:\/\/recyclerie-nouvelle-r.fr\/index.php\/wp-json\/wp\/v2\/media?parent=154"}],"curies":[{"name":"wp","href":"https:\/\/api.w.org\/{rel}","templated":true}]}}