{"id":184,"date":"2023-06-13T13:59:25","date_gmt":"2023-06-13T11:59:25","guid":{"rendered":"https:\/\/recyclerie-nouvelle-r.fr\/?page_id=184"},"modified":"2023-12-15T15:34:20","modified_gmt":"2023-12-15T14:34:20","slug":"dynamco","status":"publish","type":"page","link":"https:\/\/recyclerie-nouvelle-r.fr\/index.php\/lassociation\/dynamco\/","title":{"rendered":"Dynam&rsquo;&#038;co"},"content":{"rendered":"<div id=\"cck11_art_fulltext\" class=\"cck_contents cck_content cck_wysiwyg_editor cck_art_fulltext\">\n<div id=\"cck11_value_art_fulltext\" class=\"cck_value cck_value_wysiwyg_editor\">\n<h4><img loading=\"lazy\" decoding=\"async\" class=\"alignleft\" src=\"https:\/\/dynameco.net\/wp-content\/uploads\/2022\/06\/logo-dynameco_dark-bg.svg\" alt=\"logo dynamenco\" width=\"264\" height=\"94\" \/><\/h4>\n<p><span style=\"font-family: georgia, palatino, serif; font-size: 16px;\">L&rsquo;action de <strong>Dynam&rsquo;&amp;Co<\/strong> se fonde sur la capacit\u00e9 des personnes \u00e0 s&rsquo;\u00e9veiller \u00e0 une dimension citoyenne et \u00e0 l&rsquo;\u00e9conomie sociale et solidaire. \u00c9galement \u00e0 r\u00e9aliser des projets de d\u00e9veloppement durable et tisser du lien social. <\/span><\/p>\n<p>&nbsp;<\/p>\n<p><span style=\"font-family: georgia, palatino, serif; font-size: 16px;\">Pour cela, l&rsquo;association propose et d\u00e9veloppe :<\/span><br \/>\n<span style=\"font-family: georgia, palatino, serif; font-size: 16px;\">&#8211; des ateliers chantiers d&rsquo;insertion : \u00e9co-construction et textile<\/span><br \/>\n<span style=\"font-family: georgia, palatino, serif; font-size: 16px;\">&#8211; des formations :<strong>\u00a0<\/strong><\/span><a href=\"https:\/\/dynameco.net\/formation-professionnelle\/\"><strong>Formations professionnels<\/strong><\/a><\/p>\n<h5><span style=\"font-size: 24px;\"><strong><span style=\"font-family: georgia, palatino, serif;\">R\u00f4les au sein de la Recyclerie Nouvelle&rsquo;R<\/span><\/strong><\/span><\/h5>\n<h4><\/h4>\n<h4><span style=\"font-family: georgia, palatino, serif; font-size: 20px;\"><em><img loading=\"lazy\" decoding=\"async\" class=\"alignnone size-full wp-image-185\" src=\"https:\/\/recyclerie-nouvelle-r.fr\/wp-content\/uploads\/2023\/06\/Chic_la_boutique.jpg\" alt=\"\" width=\"800\" height=\"451\" srcset=\"https:\/\/recyclerie-nouvelle-r.fr\/wp-content\/uploads\/2023\/06\/Chic_la_boutique.jpg 800w, https:\/\/recyclerie-nouvelle-r.fr\/wp-content\/uploads\/2023\/06\/Chic_la_boutique-300x169.jpg 300w, https:\/\/recyclerie-nouvelle-r.fr\/wp-content\/uploads\/2023\/06\/Chic_la_boutique-768x433.jpg 768w\" sizes=\"auto, (max-width: 800px) 100vw, 800px\" \/><\/em><\/span><\/h4>\n<ul style=\"list-style-type: circle;\">\n<li><span style=\"font-size: 20px;\"><strong><span style=\"font-family: georgia, palatino, serif;\">Dynam&rsquo;&amp;Co a mis en place une fili\u00e8re de collecte, valorisation et revente du textile.<\/span><\/strong><\/span><\/li>\n<\/ul>\n<p><span style=\"font-family: georgia, palatino, serif; font-size: 16px;\">La cr\u00e9ation d&rsquo;un nouveau chantier d&rsquo;insertion textile permet de cr\u00e9er 33 postes en collecte, tri du textiles usag\u00e9s, commercialisation et revalorisation par de la cr\u00e9ation. <\/span><\/p>\n<p><span style=\"font-family: georgia, palatino, serif; font-size: 16px;\">Les salari\u00e9s-es en insertion peuvent d\u00e9velopper des comp\u00e9tences vari\u00e9es li\u00e9es \u00e0 ces activit\u00e9s et font l\u2019objet d\u2019un accompagnement socioprofessionnel pour les soutenir dans leur projet d\u2019avenir.<\/span><\/p>\n<p><span style=\"font-family: georgia, palatino, serif; font-size: 16px;\">Concr\u00e8tement, ce sont <strong>75 points d&rsquo;apports volontaires<\/strong> sur le territoire de l&rsquo;agglom\u00e9ration de Valence Romans Agglo et en d\u00e9chetterie de Saint Donat sur le territoire d&rsquo;Arche Agglo, un centre de tri textile et deux boutiques pour la revente de fripes et cr\u00e9ations. <\/span><\/p>\n<p style=\"text-align: center;\"><a href=\"https:\/\/recyclerie-nouvelle-r.fr\/index.php\/infos-pratiques\/154-2\/\"><strong><span style=\"font-size: 16px;\">Cartographie des Points d&rsquo;Apport Volontaire<\/span><\/strong><\/a><\/p>\n<h6><span style=\"font-family: georgia, palatino, serif; font-size: 16px;\">\u00a0<\/span><\/h6>\n<h3><span style=\"font-family: georgia, palatino, serif; font-size: 16px;\">-Deux boutiques permettent la revente des textiles<\/span><\/h3>\n<h3><span style=\"font-size: 16px; font-family: georgia, palatino, serif;\">Chic ! La Boutique Romans<\/span><\/h3>\n<p><span style=\"font-family: georgia, palatino, serif;\">Du mardi au samedi 10h-19h non-stop (le vendredi \u00e0 partir de 9h30)<br \/>\n<\/span><\/p>\n<p><span style=\"font-family: georgia, palatino, serif;\">18, place Jules Nadi<\/span><br \/>\n<span style=\"font-family: georgia, palatino, serif;\">26100 Romans sur Is\u00e8re<\/span><br \/>\n<span style=\"font-family: georgia, palatino, serif;\">04.75.48.99.46<\/span><\/p>\n<p><span style=\"font-family: georgia, palatino, serif;\"><strong><span style=\"font-size: 16px;\">Chic ! La Boutique Valence<\/span><\/strong><\/span><\/p>\n<div class=\"et_pb_module et_pb_text et_pb_text_13 et_pb_text_align_center et_pb_bg_layout_light\">\n<div class=\"et_pb_text_inner\">\n<h3><span style=\"font-size: 16px; font-family: georgia, palatino, serif;\">Du mardi au samedi 10h-19h non-stop<\/span><\/h3>\n<p><span style=\"font-family: georgia, palatino, serif;\">59, rue Madier de Montjau<\/span><br \/>\n<span style=\"font-family: georgia, palatino, serif;\">26000 Valence<\/span><br \/>\n<span style=\"font-family: georgia, palatino, serif;\">04.81.66.95.43<\/span><\/p>\n<ul style=\"list-style-type: circle;\">\n<li><span style=\"font-size: 20px;\"><strong><span style=\"font-family: georgia, palatino, serif;\">\u00a0Dynam&rsquo;&amp;Co a mis en place<\/span><span style=\"font-family: georgia, palatino, serif;\"> un Atelier Informatique<\/span><\/strong><\/span><\/li>\n<\/ul>\n<\/div>\n<\/div>\n<p><span style=\"font-family: georgia, palatino, serif; font-size: 16px;\">Celui-ci collecte et assure la maintenance, la vente et la r\u00e9paration de mat\u00e9riel informatique aupr\u00e8s des particuliers et des professionnels. <\/span><span style=\"font-family: georgia, palatino, serif; font-size: 16px;\">Ouverture du lundi au jeudi : 8h\/12h &#8211; 13h30\/17h \/\/ <\/span><span style=\"font-family: georgia, palatino, serif; font-size: 16px;\">T\u00e9l : 04 75 05 04 27<\/span><\/p>\n<ul style=\"list-style-type: circle;\">\n<li><strong><span style=\"font-family: georgia, palatino, serif; font-size: 16px;\"><span style=\"font-size: 20px;\">Dynam&rsquo;&amp;Co a un service d&rsquo;enl\u00e8vement des encombrants<br \/>\n<\/span><\/span><\/strong><\/li>\n<\/ul>\n<p><span style=\"font-family: georgia, palatino, serif; font-size: 16px;\">Ce service se rend chez les particuliers pour y collecter les d\u00e9barras d&rsquo;objets en bon \u00e9tat.<\/span><\/p>\n<p><span style=\"font-family: georgia, palatino, serif; font-size: 16px;\">Du lundi au jeudi : 8h\/12h &#8211; 13h30\/17h<\/span><\/p>\n<p><span style=\"font-family: georgia, palatino, serif; font-size: 16px;\">Vendredi : 8h\/12h.<\/span><\/p>\n<p><span style=\"font-family: georgia, palatino, serif; font-size: 16px;\">Prestation payante<\/span><\/p>\n<p><span style=\"font-family: georgia, palatino, serif; font-size: 16px;\">Rendez-vous par t\u00e9l\u00e9phone :04 75 71 79 97 \/ 06 87 66 05 21<\/span><\/p>\n<p><span style=\"font-family: georgia, palatino, serif; font-size: 16px;\"><strong>Pour plus d&rsquo;information :<\/strong><\/span><\/p>\n<p><span style=\"font-family: georgia, palatino, serif; font-size: 16px;\"><strong>Dynam&rsquo;&amp;CO<br \/>\n<\/strong><\/span><\/p>\n<p><span style=\"font-family: georgia, palatino, serif; font-size: 16px;\">9 rue Camille Desmoulins<\/span><\/p>\n<p><span style=\"font-family: georgia, palatino, serif; font-size: 16px;\">26100 Romans<\/span><\/p>\n<p><span style=\"font-family: georgia, palatino, serif; font-size: 16px;\">T\u00e9l.\u00a0: 04 75 02 41 01<\/span><\/p>\n<p><span style=\"font-family: georgia, palatino, serif; font-size: 16px;\">Site Internet : <a href=\"https:\/\/dynameco.net\/\">https:\/\/dynameco.net\/<\/a><\/span><\/p>\n<p><strong>\u00a0<\/strong><\/p>\n<h4><\/h4>\n<\/div>\n<\/div>\n","protected":false},"excerpt":{"rendered":"<p>L&rsquo;action de Dynam&rsquo;&amp;Co se fonde sur la capacit\u00e9 des personnes \u00e0 s&rsquo;\u00e9veiller \u00e0 une dimension citoyenne et \u00e0 l&rsquo;\u00e9conomie sociale et solidaire. \u00c9galement \u00e0 r\u00e9aliser des projets de d\u00e9veloppement durable <a class=\"more-link\" href=\"https:\/\/recyclerie-nouvelle-r.fr\/index.php\/lassociation\/dynamco\/\">Lire la suite &rarr;<\/a><\/p>\n","protected":false},"author":1,"featured_media":0,"parent":15,"menu_order":0,"comment_status":"closed","ping_status":"closed","template":"","meta":{"footnotes":""},"class_list":["post-184","page","type-page","status-publish","hentry"],"_links":{"self":[{"href":"https:\/\/recyclerie-nouvelle-r.fr\/index.php\/wp-json\/wp\/v2\/pages\/184","targetHints":{"allow":["GET"]}}],"collection":[{"href":"https:\/\/recyclerie-nouvelle-r.fr\/index.php\/wp-json\/wp\/v2\/pages"}],"about":[{"href":"https:\/\/recyclerie-nouvelle-r.fr\/index.php\/wp-json\/wp\/v2\/types\/page"}],"author":[{"embeddable":true,"href":"https:\/\/recyclerie-nouvelle-r.fr\/index.php\/wp-json\/wp\/v2\/users\/1"}],"replies":[{"embeddable":true,"href":"https:\/\/recyclerie-nouvelle-r.fr\/index.php\/wp-json\/wp\/v2\/comments?post=184"}],"version-history":[{"count":11,"href":"https:\/\/recyclerie-nouvelle-r.fr\/index.php\/wp-json\/wp\/v2\/pages\/184\/revisions"}],"predecessor-version":[{"id":243,"href":"https:\/\/recyclerie-nouvelle-r.fr\/index.php\/wp-json\/wp\/v2\/pages\/184\/revisions\/243"}],"up":[{"embeddable":true,"href":"https:\/\/recyclerie-nouvelle-r.fr\/index.php\/wp-json\/wp\/v2\/pages\/15"}],"wp:attachment":[{"href":"https:\/\/recyclerie-nouvelle-r.fr\/index.php\/wp-json\/wp\/v2\/media?parent=184"}],"curies":[{"name":"wp","href":"https:\/\/api.w.org\/{rel}","templated":true}]}}